{"id":5222,"date":"2024-01-24T15:54:53","date_gmt":"2024-01-24T14:54:53","guid":{"rendered":"https:\/\/lolaenergetique.fr\/?page_id=5222"},"modified":"2025-07-05T10:16:21","modified_gmt":"2025-07-05T08:16:21","slug":"week-end-bien-etre","status":"publish","type":"page","link":"https:\/\/lolaenergetique.fr\/index.php\/week-end-bien-etre\/","title":{"rendered":"Week-end Holistique"},"content":{"rendered":"\t\t<div data-elementor-type=\"wp-page\" data-elementor-id=\"5222\" class=\"elementor elementor-5222\" data-elementor-post-type=\"page\">\n\t\t\t\t<div class=\"elementor-element elementor-element-02d796d e-flex e-con-boxed e-con e-parent\" data-id=\"02d796d\" data-element_type=\"container\">\n\t\t\t\t\t<div class=\"e-con-inner\">\n\t\t\t\t<div class=\"elementor-element elementor-element-775f9ca elementor-widget elementor-widget-image\" data-id=\"775f9ca\" data-element_type=\"widget\" data-widget_type=\"image.default\">\n\t\t\t\t<div class=\"elementor-widget-container\">\n\t\t\t\t\t\t\t\t\t\t\t\t\t\t\t<img fetchpriority=\"high\" decoding=\"async\" width=\"980\" height=\"551\" src=\"https:\/\/lolaenergetique.fr\/wp-content\/uploads\/2025\/04\/Week-end-holistique-Site-Web-6-1024x576.png\" class=\"attachment-large size-large wp-image-6895\" alt=\"\" srcset=\"https:\/\/lolaenergetique.fr\/wp-content\/uploads\/2025\/04\/Week-end-holistique-Site-Web-6-1024x576.png 1024w, https:\/\/lolaenergetique.fr\/wp-content\/uploads\/2025\/04\/Week-end-holistique-Site-Web-6-300x169.png 300w, https:\/\/lolaenergetique.fr\/wp-content\/uploads\/2025\/04\/Week-end-holistique-Site-Web-6-768x432.png 768w, https:\/\/lolaenergetique.fr\/wp-content\/uploads\/2025\/04\/Week-end-holistique-Site-Web-6-600x337.png 600w, https:\/\/lolaenergetique.fr\/wp-content\/uploads\/2025\/04\/Week-end-holistique-Site-Web-6.png 1366w\" sizes=\"(max-width: 980px) 100vw, 980px\" \/>\t\t\t\t\t\t\t\t\t\t\t\t\t\t\t<\/div>\n\t\t\t\t<\/div>\n\t\t\t\t\t<\/div>\n\t\t\t\t<\/div>\n\t\t<div class=\"elementor-element elementor-element-ea3201e e-flex e-con-boxed e-con e-parent\" data-id=\"ea3201e\" data-element_type=\"container\">\n\t\t\t\t\t<div class=\"e-con-inner\">\n\t\t\t\t<div class=\"elementor-element elementor-element-b46b447 elementor-widget elementor-widget-image\" data-id=\"b46b447\" data-element_type=\"widget\" data-widget_type=\"image.default\">\n\t\t\t\t<div class=\"elementor-widget-container\">\n\t\t\t\t\t\t\t\t\t\t\t\t\t\t\t<img decoding=\"async\" width=\"980\" height=\"551\" src=\"https:\/\/lolaenergetique.fr\/wp-content\/uploads\/2025\/02\/2-1024x576.png\" class=\"attachment-large size-large wp-image-6575\" alt=\"\" srcset=\"https:\/\/lolaenergetique.fr\/wp-content\/uploads\/2025\/02\/2-1024x576.png 1024w, https:\/\/lolaenergetique.fr\/wp-content\/uploads\/2025\/02\/2-300x169.png 300w, https:\/\/lolaenergetique.fr\/wp-content\/uploads\/2025\/02\/2-768x432.png 768w, https:\/\/lolaenergetique.fr\/wp-content\/uploads\/2025\/02\/2-600x337.png 600w, https:\/\/lolaenergetique.fr\/wp-content\/uploads\/2025\/02\/2.png 1366w\" sizes=\"(max-width: 980px) 100vw, 980px\" \/>\t\t\t\t\t\t\t\t\t\t\t\t\t\t\t<\/div>\n\t\t\t\t<\/div>\n\t\t\t\t\t<\/div>\n\t\t\t\t<\/div>\n\t\t<div class=\"elementor-element elementor-element-b40fd89 e-flex e-con-boxed e-con e-parent\" data-id=\"b40fd89\" data-element_type=\"container\">\n\t\t\t\t\t<div class=\"e-con-inner\">\n\t\t\t\t<div class=\"elementor-element elementor-element-74692b1 elementor-widget elementor-widget-image\" data-id=\"74692b1\" data-element_type=\"widget\" data-widget_type=\"image.default\">\n\t\t\t\t<div class=\"elementor-widget-container\">\n\t\t\t\t\t\t\t\t\t\t\t\t\t\t\t<img decoding=\"async\" width=\"980\" height=\"551\" src=\"https:\/\/lolaenergetique.fr\/wp-content\/uploads\/2025\/05\/Week-end-holistique-Site-Web-14-1024x576.png\" class=\"attachment-large size-large wp-image-7015\" alt=\"\" srcset=\"https:\/\/lolaenergetique.fr\/wp-content\/uploads\/2025\/05\/Week-end-holistique-Site-Web-14-1024x576.png 1024w, https:\/\/lolaenergetique.fr\/wp-content\/uploads\/2025\/05\/Week-end-holistique-Site-Web-14-300x169.png 300w, https:\/\/lolaenergetique.fr\/wp-content\/uploads\/2025\/05\/Week-end-holistique-Site-Web-14-768x432.png 768w, https:\/\/lolaenergetique.fr\/wp-content\/uploads\/2025\/05\/Week-end-holistique-Site-Web-14-600x337.png 600w, https:\/\/lolaenergetique.fr\/wp-content\/uploads\/2025\/05\/Week-end-holistique-Site-Web-14.png 1366w\" sizes=\"(max-width: 980px) 100vw, 980px\" \/>\t\t\t\t\t\t\t\t\t\t\t\t\t\t\t<\/div>\n\t\t\t\t<\/div>\n\t\t\t\t\t<\/div>\n\t\t\t\t<\/div>\n\t\t<div class=\"elementor-element elementor-element-edfe875 e-flex e-con-boxed e-con e-parent\" data-id=\"edfe875\" data-element_type=\"container\">\n\t\t\t\t\t<div class=\"e-con-inner\">\n\t\t\t\t<div class=\"elementor-element elementor-element-921cb77 elementor-absolute elementor-widget elementor-widget-image\" data-id=\"921cb77\" data-element_type=\"widget\" data-settings=\"{&quot;_position&quot;:&quot;absolute&quot;}\" data-widget_type=\"image.default\">\n\t\t\t\t<div class=\"elementor-widget-container\">\n\t\t\t\t\t\t\t\t\t\t\t\t\t\t\t<img decoding=\"async\" src=\"http:\/\/source.wpopal.com\/yaglo\/wp-content\/uploads\/2023\/12\/flower02.png\" title=\"\" alt=\"\" loading=\"lazy\" \/>\t\t\t\t\t\t\t\t\t\t\t\t\t\t\t<\/div>\n\t\t\t\t<\/div>\n\t\t<div class=\"elementor-element elementor-element-060864f e-con-full e-flex e-con e-child\" data-id=\"060864f\" data-element_type=\"container\">\n\t\t<div class=\"elementor-element elementor-element-459d8fa e-con-full e-flex e-con e-child\" data-id=\"459d8fa\" data-element_type=\"container\">\n\t\t<div class=\"elementor-element elementor-element-7323774 e-con-full e-flex e-con e-child\" data-id=\"7323774\" data-element_type=\"container\">\n\t\t\t\t<div class=\"elementor-element elementor-element-ab599e9 elementor-widget elementor-widget-google_maps\" data-id=\"ab599e9\" data-element_type=\"widget\" data-widget_type=\"google_maps.default\">\n\t\t\t\t<div class=\"elementor-widget-container\">\n\t\t\t\t\t\t\t<div class=\"elementor-custom-embed\">\n\t\t\t<iframe loading=\"lazy\"\n\t\t\t\t\tsrc=\"https:\/\/maps.google.com\/maps?q=32%20rue%20nationale%2037320%20Esvres&#038;t=m&#038;z=10&#038;output=embed&#038;iwloc=near\"\n\t\t\t\t\ttitle=\"32 rue nationale 37320 Esvres\"\n\t\t\t\t\taria-label=\"32 rue nationale 37320 Esvres\"\n\t\t\t><\/iframe>\n\t\t<\/div>\n\t\t\t\t\t\t<\/div>\n\t\t\t\t<\/div>\n\t\t\t\t<div class=\"elementor-element elementor-element-b42f935 elementor-align-center elementor-widget elementor-widget-button\" data-id=\"b42f935\" data-element_type=\"widget\" data-widget_type=\"button.default\">\n\t\t\t\t<div class=\"elementor-widget-container\">\n\t\t\t\t\t\t\t\t\t<div class=\"elementor-button-wrapper\">\n\t\t\t\t\t<a class=\"elementor-button elementor-button-link elementor-size-sm\" href=\"https:\/\/maisondessources.wixsite.com\/vacances-touraine\/blank-1\">\n\t\t\t\t\t\t<span class=\"elementor-button-content-wrapper\">\n\t\t\t\t\t\t\t\t\t<span class=\"elementor-button-text\">MAison des sources<\/span>\n\t\t\t\t\t<\/span>\n\t\t\t\t\t<\/a>\n\t\t\t\t<\/div>\n\t\t\t\t\t\t\t\t<\/div>\n\t\t\t\t<\/div>\n\t\t\t\t<\/div>\n\t\t\t\t<\/div>\n\t\t\t\t<\/div>\n\t\t<div class=\"elementor-element elementor-element-3211fee e-flex e-con-boxed e-con e-child\" data-id=\"3211fee\" data-element_type=\"container\">\n\t\t\t\t\t<div class=\"e-con-inner\">\n\t\t<div class=\"elementor-element elementor-element-a1b1b15 e-con-full e-flex e-con e-child\" data-id=\"a1b1b15\" data-element_type=\"container\">\n\t\t\t\t<\/div>\n\t\t\t\t\t<\/div>\n\t\t\t\t<\/div>\n\t\t\t\t\t<\/div>\n\t\t\t\t<\/div>\n\t\t<div class=\"elementor-element elementor-element-4d12419 e-flex e-con-boxed e-con e-parent\" data-id=\"4d12419\" data-element_type=\"container\">\n\t\t\t\t\t<div class=\"e-con-inner\">\n\t\t\t\t<div class=\"elementor-element elementor-element-17a5ddd elementor-widget elementor-widget-image\" data-id=\"17a5ddd\" data-element_type=\"widget\" data-widget_type=\"image.default\">\n\t\t\t\t<div class=\"elementor-widget-container\">\n\t\t\t\t\t\t\t\t\t\t\t\t\t\t\t<img loading=\"lazy\" decoding=\"async\" width=\"980\" height=\"551\" src=\"https:\/\/lolaenergetique.fr\/wp-content\/uploads\/2025\/02\/4-1024x576.png\" class=\"attachment-large size-large wp-image-6577\" alt=\"\" srcset=\"https:\/\/lolaenergetique.fr\/wp-content\/uploads\/2025\/02\/4-1024x576.png 1024w, https:\/\/lolaenergetique.fr\/wp-content\/uploads\/2025\/02\/4-300x169.png 300w, https:\/\/lolaenergetique.fr\/wp-content\/uploads\/2025\/02\/4-768x432.png 768w, https:\/\/lolaenergetique.fr\/wp-content\/uploads\/2025\/02\/4-600x337.png 600w, https:\/\/lolaenergetique.fr\/wp-content\/uploads\/2025\/02\/4.png 1366w\" sizes=\"(max-width: 980px) 100vw, 980px\" \/>\t\t\t\t\t\t\t\t\t\t\t\t\t\t\t<\/div>\n\t\t\t\t<\/div>\n\t\t\t\t\t<\/div>\n\t\t\t\t<\/div>\n\t\t<div class=\"elementor-element elementor-element-3bb8ce0 e-flex e-con-boxed e-con e-parent\" data-id=\"3bb8ce0\" data-element_type=\"container\">\n\t\t\t\t\t<div class=\"e-con-inner\">\n\t\t\t\t<div class=\"elementor-element elementor-element-b6d3f6a elementor-widget elementor-widget-image\" data-id=\"b6d3f6a\" data-element_type=\"widget\" data-widget_type=\"image.default\">\n\t\t\t\t<div class=\"elementor-widget-container\">\n\t\t\t\t\t\t\t\t\t\t\t\t\t\t\t<img loading=\"lazy\" decoding=\"async\" width=\"980\" height=\"551\" src=\"https:\/\/lolaenergetique.fr\/wp-content\/uploads\/2025\/05\/Week-end-holistique-Site-Web-13-1024x576.png\" class=\"attachment-large size-large wp-image-7016\" alt=\"\" srcset=\"https:\/\/lolaenergetique.fr\/wp-content\/uploads\/2025\/05\/Week-end-holistique-Site-Web-13-1024x576.png 1024w, https:\/\/lolaenergetique.fr\/wp-content\/uploads\/2025\/05\/Week-end-holistique-Site-Web-13-300x169.png 300w, https:\/\/lolaenergetique.fr\/wp-content\/uploads\/2025\/05\/Week-end-holistique-Site-Web-13-768x432.png 768w, https:\/\/lolaenergetique.fr\/wp-content\/uploads\/2025\/05\/Week-end-holistique-Site-Web-13-600x337.png 600w, https:\/\/lolaenergetique.fr\/wp-content\/uploads\/2025\/05\/Week-end-holistique-Site-Web-13.png 1366w\" sizes=\"(max-width: 980px) 100vw, 980px\" \/>\t\t\t\t\t\t\t\t\t\t\t\t\t\t\t<\/div>\n\t\t\t\t<\/div>\n\t\t\t\t\t<\/div>\n\t\t\t\t<\/div>\n\t\t<div class=\"elementor-element elementor-element-57800f2 e-flex e-con-boxed e-con e-parent\" data-id=\"57800f2\" data-element_type=\"container\">\n\t\t\t\t\t<div class=\"e-con-inner\">\n\t\t\t\t<div class=\"elementor-element elementor-element-b2d83e2 elementor-widget elementor-widget-image\" data-id=\"b2d83e2\" data-element_type=\"widget\" data-widget_type=\"image.default\">\n\t\t\t\t<div class=\"elementor-widget-container\">\n\t\t\t\t\t\t\t\t\t\t\t\t\t\t\t<img loading=\"lazy\" decoding=\"async\" width=\"980\" height=\"551\" src=\"https:\/\/lolaenergetique.fr\/wp-content\/uploads\/2025\/05\/Week-end-holistique-Site-Web-12-1024x576.png\" class=\"attachment-large size-large wp-image-7017\" alt=\"\" srcset=\"https:\/\/lolaenergetique.fr\/wp-content\/uploads\/2025\/05\/Week-end-holistique-Site-Web-12-1024x576.png 1024w, https:\/\/lolaenergetique.fr\/wp-content\/uploads\/2025\/05\/Week-end-holistique-Site-Web-12-300x169.png 300w, https:\/\/lolaenergetique.fr\/wp-content\/uploads\/2025\/05\/Week-end-holistique-Site-Web-12-768x432.png 768w, https:\/\/lolaenergetique.fr\/wp-content\/uploads\/2025\/05\/Week-end-holistique-Site-Web-12-600x337.png 600w, https:\/\/lolaenergetique.fr\/wp-content\/uploads\/2025\/05\/Week-end-holistique-Site-Web-12.png 1366w\" sizes=\"(max-width: 980px) 100vw, 980px\" \/>\t\t\t\t\t\t\t\t\t\t\t\t\t\t\t<\/div>\n\t\t\t\t<\/div>\n\t\t\t\t\t<\/div>\n\t\t\t\t<\/div>\n\t\t<div class=\"elementor-element elementor-element-565344d e-flex e-con-boxed e-con e-parent\" data-id=\"565344d\" data-element_type=\"container\">\n\t\t\t\t\t<div class=\"e-con-inner\">\n\t\t\t\t<div class=\"elementor-element elementor-element-fae8f67 elementor-widget elementor-widget-image\" data-id=\"fae8f67\" data-element_type=\"widget\" data-widget_type=\"image.default\">\n\t\t\t\t<div class=\"elementor-widget-container\">\n\t\t\t\t\t\t\t\t\t\t\t\t\t\t\t<img loading=\"lazy\" decoding=\"async\" width=\"980\" height=\"551\" src=\"https:\/\/lolaenergetique.fr\/wp-content\/uploads\/2025\/02\/7-1024x576.png\" class=\"attachment-large size-large wp-image-6580\" alt=\"\" srcset=\"https:\/\/lolaenergetique.fr\/wp-content\/uploads\/2025\/02\/7-1024x576.png 1024w, https:\/\/lolaenergetique.fr\/wp-content\/uploads\/2025\/02\/7-300x169.png 300w, https:\/\/lolaenergetique.fr\/wp-content\/uploads\/2025\/02\/7-768x432.png 768w, https:\/\/lolaenergetique.fr\/wp-content\/uploads\/2025\/02\/7-600x337.png 600w, https:\/\/lolaenergetique.fr\/wp-content\/uploads\/2025\/02\/7.png 1366w\" sizes=\"(max-width: 980px) 100vw, 980px\" \/>\t\t\t\t\t\t\t\t\t\t\t\t\t\t\t<\/div>\n\t\t\t\t<\/div>\n\t\t\t\t\t<\/div>\n\t\t\t\t<\/div>\n\t\t<div class=\"elementor-element elementor-element-c8af3a4 e-flex e-con-boxed e-con e-parent\" data-id=\"c8af3a4\" data-element_type=\"container\">\n\t\t\t\t\t<div class=\"e-con-inner\">\n\t\t\t\t<div class=\"elementor-element elementor-element-e4cf89e elementor-widget elementor-widget-image\" data-id=\"e4cf89e\" data-element_type=\"widget\" data-widget_type=\"image.default\">\n\t\t\t\t<div class=\"elementor-widget-container\">\n\t\t\t\t\t\t\t\t\t\t\t\t\t\t\t<img loading=\"lazy\" decoding=\"async\" width=\"980\" height=\"551\" src=\"https:\/\/lolaenergetique.fr\/wp-content\/uploads\/2025\/07\/Week-end-holistique-Site-Web-2-1024x576.png\" class=\"attachment-large size-large wp-image-7049\" alt=\"\" srcset=\"https:\/\/lolaenergetique.fr\/wp-content\/uploads\/2025\/07\/Week-end-holistique-Site-Web-2-1024x576.png 1024w, https:\/\/lolaenergetique.fr\/wp-content\/uploads\/2025\/07\/Week-end-holistique-Site-Web-2-300x169.png 300w, https:\/\/lolaenergetique.fr\/wp-content\/uploads\/2025\/07\/Week-end-holistique-Site-Web-2-768x432.png 768w, https:\/\/lolaenergetique.fr\/wp-content\/uploads\/2025\/07\/Week-end-holistique-Site-Web-2-600x337.png 600w, https:\/\/lolaenergetique.fr\/wp-content\/uploads\/2025\/07\/Week-end-holistique-Site-Web-2.png 1366w\" sizes=\"(max-width: 980px) 100vw, 980px\" \/>\t\t\t\t\t\t\t\t\t\t\t\t\t\t\t<\/div>\n\t\t\t\t<\/div>\n\t\t\t\t\t<\/div>\n\t\t\t\t<\/div>\n\t\t<div class=\"elementor-element elementor-element-353f691 e-flex e-con-boxed e-con e-parent\" data-id=\"353f691\" data-element_type=\"container\">\n\t\t\t\t\t<div class=\"e-con-inner\">\n\t\t\t\t<div class=\"elementor-element elementor-element-95e78a2 elementor-widget elementor-widget-image\" data-id=\"95e78a2\" data-element_type=\"widget\" data-widget_type=\"image.default\">\n\t\t\t\t<div class=\"elementor-widget-container\">\n\t\t\t\t\t\t\t\t\t\t\t\t\t\t\t<img loading=\"lazy\" decoding=\"async\" width=\"980\" height=\"551\" src=\"https:\/\/lolaenergetique.fr\/wp-content\/uploads\/2025\/07\/Week-end-holistique-Site-Web-4-1024x576.png\" class=\"attachment-large size-large wp-image-7056\" alt=\"\" srcset=\"https:\/\/lolaenergetique.fr\/wp-content\/uploads\/2025\/07\/Week-end-holistique-Site-Web-4-1024x576.png 1024w, https:\/\/lolaenergetique.fr\/wp-content\/uploads\/2025\/07\/Week-end-holistique-Site-Web-4-300x169.png 300w, https:\/\/lolaenergetique.fr\/wp-content\/uploads\/2025\/07\/Week-end-holistique-Site-Web-4-768x432.png 768w, https:\/\/lolaenergetique.fr\/wp-content\/uploads\/2025\/07\/Week-end-holistique-Site-Web-4-600x337.png 600w, https:\/\/lolaenergetique.fr\/wp-content\/uploads\/2025\/07\/Week-end-holistique-Site-Web-4.png 1366w\" sizes=\"(max-width: 980px) 100vw, 980px\" \/>\t\t\t\t\t\t\t\t\t\t\t\t\t\t\t<\/div>\n\t\t\t\t<\/div>\n\t\t\t\t\t<\/div>\n\t\t\t\t<\/div>\n\t\t<div class=\"elementor-element elementor-element-3c78d54 e-flex e-con-boxed e-con e-parent\" data-id=\"3c78d54\" data-element_type=\"container\">\n\t\t\t\t\t<div class=\"e-con-inner\">\n\t\t\t\t<div class=\"elementor-element elementor-element-50d1f0a elementor-widget elementor-widget-spacer\" data-id=\"50d1f0a\" data-element_type=\"widget\" data-widget_type=\"spacer.default\">\n\t\t\t\t<div class=\"elementor-widget-container\">\n\t\t\t\t\t\t\t<div class=\"elementor-spacer\">\n\t\t\t<div class=\"elementor-spacer-inner\"><\/div>\n\t\t<\/div>\n\t\t\t\t\t\t<\/div>\n\t\t\t\t<\/div>\n\t\t\t\t\t<\/div>\n\t\t\t\t<\/div>\n\t\t<div class=\"elementor-element elementor-element-364c3a8 e-flex e-con-boxed e-con e-parent\" data-id=\"364c3a8\" data-element_type=\"container\">\n\t\t\t\t\t<div class=\"e-con-inner\">\n\t\t\t\t<div class=\"elementor-element elementor-element-b05b92d elementor-align-center elementor-widget elementor-widget-button\" data-id=\"b05b92d\" data-element_type=\"widget\" data-widget_type=\"button.default\">\n\t\t\t\t<div class=\"elementor-widget-container\">\n\t\t\t\t\t\t\t\t\t<div class=\"elementor-button-wrapper\">\n\t\t\t\t\t<a class=\"elementor-button elementor-button-link elementor-size-sm\" href=\"https:\/\/docs.google.com\/forms\/d\/e\/1FAIpQLScf8qt-GVnBwp2e4rb6zov3NKAscPCdj7w4dXkdqB0Ew5DHrw\/viewform?usp=header\">\n\t\t\t\t\t\t<span class=\"elementor-button-content-wrapper\">\n\t\t\t\t\t\t\t\t\t<span class=\"elementor-button-text\">R\u00e9server<\/span>\n\t\t\t\t\t<\/span>\n\t\t\t\t\t<\/a>\n\t\t\t\t<\/div>\n\t\t\t\t\t\t\t\t<\/div>\n\t\t\t\t<\/div>\n\t\t\t\t<div class=\"elementor-element elementor-element-453c1f9 elementor-widget elementor-widget-spacer\" data-id=\"453c1f9\" data-element_type=\"widget\" data-widget_type=\"spacer.default\">\n\t\t\t\t<div class=\"elementor-widget-container\">\n\t\t\t\t\t\t\t<div class=\"elementor-spacer\">\n\t\t\t<div class=\"elementor-spacer-inner\"><\/div>\n\t\t<\/div>\n\t\t\t\t\t\t<\/div>\n\t\t\t\t<\/div>\n\t\t\t\t\t<\/div>\n\t\t\t\t<\/div>\n\t\t<div class=\"elementor-element elementor-element-5effcfc e-flex e-con-boxed e-con e-parent\" data-id=\"5effcfc\" data-element_type=\"container\">\n\t\t\t\t\t<div class=\"e-con-inner\">\n\t\t\t\t<div class=\"elementor-element elementor-element-463afd8 elementor-widget elementor-widget-image\" data-id=\"463afd8\" data-element_type=\"widget\" data-widget_type=\"image.default\">\n\t\t\t\t<div class=\"elementor-widget-container\">\n\t\t\t\t\t\t\t\t\t\t\t\t\t\t\t<img loading=\"lazy\" decoding=\"async\" width=\"980\" height=\"551\" src=\"https:\/\/lolaenergetique.fr\/wp-content\/uploads\/2025\/02\/Week-end-holistique-Site-Web-1024x576.png\" class=\"attachment-large size-large wp-image-6593\" alt=\"\" srcset=\"https:\/\/lolaenergetique.fr\/wp-content\/uploads\/2025\/02\/Week-end-holistique-Site-Web-1024x576.png 1024w, https:\/\/lolaenergetique.fr\/wp-content\/uploads\/2025\/02\/Week-end-holistique-Site-Web-300x169.png 300w, https:\/\/lolaenergetique.fr\/wp-content\/uploads\/2025\/02\/Week-end-holistique-Site-Web-768x432.png 768w, https:\/\/lolaenergetique.fr\/wp-content\/uploads\/2025\/02\/Week-end-holistique-Site-Web-600x337.png 600w, https:\/\/lolaenergetique.fr\/wp-content\/uploads\/2025\/02\/Week-end-holistique-Site-Web.png 1366w\" sizes=\"(max-width: 980px) 100vw, 980px\" \/>\t\t\t\t\t\t\t\t\t\t\t\t\t\t\t<\/div>\n\t\t\t\t<\/div>\n\t\t\t\t\t<\/div>\n\t\t\t\t<\/div>\n\t\t<div class=\"elementor-element elementor-element-87cb788 e-flex e-con-boxed e-con e-parent\" data-id=\"87cb788\" data-element_type=\"container\">\n\t\t\t\t\t<div class=\"e-con-inner\">\n\t\t\t\t<div class=\"elementor-element elementor-element-552424d elementor-widget elementor-widget-spacer\" data-id=\"552424d\" data-element_type=\"widget\" data-widget_type=\"spacer.default\">\n\t\t\t\t<div class=\"elementor-widget-container\">\n\t\t\t\t\t\t\t<div class=\"elementor-spacer\">\n\t\t\t<div class=\"elementor-spacer-inner\"><\/div>\n\t\t<\/div>\n\t\t\t\t\t\t<\/div>\n\t\t\t\t<\/div>\n\t\t\t\t\t<\/div>\n\t\t\t\t<\/div>\n\t\t<div class=\"elementor-element elementor-element-d7e9962 e-flex e-con-boxed e-con e-parent\" data-id=\"d7e9962\" data-element_type=\"container\">\n\t\t\t\t\t<div class=\"e-con-inner\">\n\t\t\t\t<div class=\"elementor-element elementor-element-9b5a5d0 elementor-widget-divider--view-line elementor-widget elementor-widget-divider\" data-id=\"9b5a5d0\" data-element_type=\"widget\" data-widget_type=\"divider.default\">\n\t\t\t\t<div class=\"elementor-widget-container\">\n\t\t\t\t\t\t\t<div class=\"elementor-divider\">\n\t\t\t<span class=\"elementor-divider-separator\">\n\t\t\t\t\t\t<\/span>\n\t\t<\/div>\n\t\t\t\t\t\t<\/div>\n\t\t\t\t<\/div>\n\t\t\t\t\t<\/div>\n\t\t\t\t<\/div>\n\t\t<div class=\"elementor-element elementor-element-1d3e9e6 e-flex e-con-boxed e-con e-parent\" data-id=\"1d3e9e6\" data-element_type=\"container\">\n\t\t\t\t\t<div class=\"e-con-inner\">\n\t\t\t\t<div class=\"elementor-element elementor-element-3dd57b7 elementor-testimonial--skin-default elementor-testimonial--layout-image_inline elementor-testimonial--align-center elementor-arrows-yes elementor-pagination-type-bullets elementor-widget elementor-widget-testimonial-carousel\" data-id=\"3dd57b7\" data-element_type=\"widget\" data-settings=\"{&quot;show_arrows&quot;:&quot;yes&quot;,&quot;pagination&quot;:&quot;bullets&quot;,&quot;speed&quot;:500,&quot;autoplay&quot;:&quot;yes&quot;,&quot;autoplay_speed&quot;:5000,&quot;loop&quot;:&quot;yes&quot;,&quot;pause_on_hover&quot;:&quot;yes&quot;,&quot;pause_on_interaction&quot;:&quot;yes&quot;,&quot;space_between&quot;:{&quot;unit&quot;:&quot;px&quot;,&quot;size&quot;:10,&quot;sizes&quot;:[]},&quot;space_between_laptop&quot;:{&quot;unit&quot;:&quot;px&quot;,&quot;size&quot;:10,&quot;sizes&quot;:[]},&quot;space_between_tablet_extra&quot;:{&quot;unit&quot;:&quot;px&quot;,&quot;size&quot;:10,&quot;sizes&quot;:[]},&quot;space_between_tablet&quot;:{&quot;unit&quot;:&quot;px&quot;,&quot;size&quot;:10,&quot;sizes&quot;:[]},&quot;space_between_mobile_extra&quot;:{&quot;unit&quot;:&quot;px&quot;,&quot;size&quot;:10,&quot;sizes&quot;:[]},&quot;space_between_mobile&quot;:{&quot;unit&quot;:&quot;px&quot;,&quot;size&quot;:10,&quot;sizes&quot;:[]}}\" data-widget_type=\"testimonial-carousel.default\">\n\t\t\t\t<div class=\"elementor-widget-container\">\n\t\t\t\t\t\t\t\t\t<div class=\"elementor-swiper\">\n\t\t\t\t\t<div class=\"elementor-main-swiper swiper\" role=\"region\" aria-roledescription=\"carousel\" aria-label=\"Slides\">\n\t\t\t\t<div class=\"swiper-wrapper\">\n\t\t\t\t\t\t\t\t\t\t\t<div class=\"swiper-slide\" role=\"group\" aria-roledescription=\"slide\">\n\t\t\t\t\t\t\t\t\t<div class=\"elementor-testimonial\">\n\t\t\t\t\t\t\t<div class=\"elementor-testimonial__content\">\n\t\t\t\t\t<div class=\"elementor-testimonial__text\">\n\t\t\t\t\t\tGr\u00e2ce \u00e0 ce merveilleux week-end j'ai pris confiance en moi et j'ai cr\u00e9\u00e9 ma page facebook pour lancer mon activit\u00e9.\t\t\t\t\t<\/div>\n\t\t\t\t\t\t\t\t\t<\/div>\n\t\t\t\t\t\t<div class=\"elementor-testimonial__footer\">\n\t\t\t\t\t\t\t\t\t<div class=\"elementor-testimonial__image\">\n\t\t\t\t\t\t<img decoding=\"async\" src=\"https:\/\/lolaenergetique.fr\/wp-content\/uploads\/2024\/05\/0f41c201-8e62-4922-8459-cb1ced18cb62.jpg\" alt=\"Sophie\">\n\t\t\t\t\t\t\t\t\t\t\t<\/div>\n\t\t\t\t\t\t\t\t<cite class=\"elementor-testimonial__cite\"><span class=\"elementor-testimonial__name\">Sophie<\/span><\/cite>\t\t\t<\/div>\n\t\t<\/div>\n\t\t\t\t\t\t\t\t<\/div>\n\t\t\t\t\t\t\t\t\t\t\t<div class=\"swiper-slide\" role=\"group\" aria-roledescription=\"slide\">\n\t\t\t\t\t\t\t\t\t<div class=\"elementor-testimonial\">\n\t\t\t\t\t\t\t<div class=\"elementor-testimonial__content\">\n\t\t\t\t\t<div class=\"elementor-testimonial__text\">\n\t\t\t\t\t\tUn week-end zen et sportif immersif avec des personnes formidables. \nLola a r\u00e9ussi un incroyable challenge pour cr\u00e9er cette synergie dans le groupe en si peu de temps. \nUn vrai moment \u00e0 la fois pour soi et de partages. \nUne belle d\u00e9couverte. \nNamast\u00e9 \ud83d\ude4f\ud83c\udffc \n\t\t\t\t\t<\/div>\n\t\t\t\t\t\t\t\t\t<\/div>\n\t\t\t\t\t\t<div class=\"elementor-testimonial__footer\">\n\t\t\t\t\t\t\t\t\t<div class=\"elementor-testimonial__image\">\n\t\t\t\t\t\t<img decoding=\"async\" src=\"https:\/\/lolaenergetique.fr\/wp-content\/plugins\/elementor\/assets\/images\/placeholder.png\" alt=\"Celia D.\">\n\t\t\t\t\t\t\t\t\t\t\t<\/div>\n\t\t\t\t\t\t\t\t<cite class=\"elementor-testimonial__cite\"><span class=\"elementor-testimonial__name\">Celia D.<\/span><\/cite>\t\t\t<\/div>\n\t\t<\/div>\n\t\t\t\t\t\t\t\t<\/div>\n\t\t\t\t\t\t\t\t\t<\/div>\n\t\t\t\t\t\t\t\t\t\t\t\t\t\t\t<div class=\"elementor-swiper-button elementor-swiper-button-prev\" role=\"button\" tabindex=\"0\" aria-label=\"Previous\">\n\t\t\t\t\t\t\t<svg aria-hidden=\"true\" class=\"e-font-icon-svg e-eicon-chevron-left\" viewBox=\"0 0 1000 1000\" xmlns=\"http:\/\/www.w3.org\/2000\/svg\"><path d=\"M646 125C629 125 613 133 604 142L308 442C296 454 292 471 292 487 292 504 296 521 308 533L604 854C617 867 629 875 646 875 663 875 679 871 692 858 704 846 713 829 713 812 713 796 708 779 692 767L438 487 692 225C700 217 708 204 708 187 708 171 704 154 692 142 675 129 663 125 646 125Z\"><\/path><\/svg>\t\t\t\t\t\t<\/div>\n\t\t\t\t\t\t<div class=\"elementor-swiper-button elementor-swiper-button-next\" role=\"button\" tabindex=\"0\" aria-label=\"Next\">\n\t\t\t\t\t\t\t<svg aria-hidden=\"true\" class=\"e-font-icon-svg e-eicon-chevron-right\" viewBox=\"0 0 1000 1000\" xmlns=\"http:\/\/www.w3.org\/2000\/svg\"><path d=\"M696 533C708 521 713 504 713 487 713 471 708 454 696 446L400 146C388 133 375 125 354 125 338 125 325 129 313 142 300 154 292 171 292 187 292 204 296 221 308 233L563 492 304 771C292 783 288 800 288 817 288 833 296 850 308 863 321 871 338 875 354 875 371 875 388 867 400 854L696 533Z\"><\/path><\/svg>\t\t\t\t\t\t<\/div>\n\t\t\t\t\t\t\t\t\t\t\t\t\t\t\t\t<div class=\"swiper-pagination\"><\/div>\n\t\t\t\t\t\t\t\t\t\t\t\t<\/div>\n\t\t\t\t<\/div>\n\t\t\t\t\t\t\t\t<\/div>\n\t\t\t\t<\/div>\n\t\t\t\t\t<\/div>\n\t\t\t\t<\/div>\n\t\t\t\t<\/div>\n\t\t","protected":false},"excerpt":{"rendered":"<p>MAison des sources R\u00e9server Gr\u00e2ce \u00e0 ce merveilleux week-end j&rsquo;ai pris confiance en moi et j&rsquo;ai cr\u00e9\u00e9 ma page facebook pour lancer mon activit\u00e9. Sophie Un week-end zen et sportif immersif avec des personnes formidables. Lola a r\u00e9ussi un incroyable challenge pour cr\u00e9er cette synergie dans le groupe en si peu de temps. Un vrai [&hellip;]<\/p>\n","protected":false},"author":1,"featured_media":0,"parent":0,"menu_order":0,"comment_status":"closed","ping_status":"closed","template":"","meta":{"inline_featured_image":false,"footnotes":""},"class_list":["post-5222","page","type-page","status-publish","hentry"],"_links":{"self":[{"href":"https:\/\/lolaenergetique.fr\/index.php\/wp-json\/wp\/v2\/pages\/5222","targetHints":{"allow":["GET"]}}],"collection":[{"href":"https:\/\/lolaenergetique.fr\/index.php\/wp-json\/wp\/v2\/pages"}],"about":[{"href":"https:\/\/lolaenergetique.fr\/index.php\/wp-json\/wp\/v2\/types\/page"}],"author":[{"embeddable":true,"href":"https:\/\/lolaenergetique.fr\/index.php\/wp-json\/wp\/v2\/users\/1"}],"replies":[{"embeddable":true,"href":"https:\/\/lolaenergetique.fr\/index.php\/wp-json\/wp\/v2\/comments?post=5222"}],"version-history":[{"count":191,"href":"https:\/\/lolaenergetique.fr\/index.php\/wp-json\/wp\/v2\/pages\/5222\/revisions"}],"predecessor-version":[{"id":7059,"href":"https:\/\/lolaenergetique.fr\/index.php\/wp-json\/wp\/v2\/pages\/5222\/revisions\/7059"}],"wp:attachment":[{"href":"https:\/\/lolaenergetique.fr\/index.php\/wp-json\/wp\/v2\/media?parent=5222"}],"curies":[{"name":"wp","href":"https:\/\/api.w.org\/{rel}","templated":true}]}}